{"id":874,"date":"2022-02-02T10:14:18","date_gmt":"2022-02-02T10:14:18","guid":{"rendered":"https:\/\/nou.prometeu.md\/?page_id=874"},"modified":"2022-07-06T19:06:49","modified_gmt":"2022-07-06T19:06:49","slug":"absolventi","status":"publish","type":"page","link":"https:\/\/prometeu.md\/index.php\/absolventi\/","title":{"rendered":"Absolven\u021bi"},"content":{"rendered":"\t\t<div data-elementor-type=\"wp-page\" data-elementor-id=\"874\" class=\"elementor elementor-874\">\n\t\t\t\t\t\t\t\t\t<section class=\"elementor-section elementor-top-section elementor-element elementor-element-3de7cb2 elementor-section-boxed elementor-section-height-default elementor-section-height-default exad-glass-effect-no exad-sticky-section-no\" data-id=\"3de7cb2\" data-element_type=\"section\">\n\t\t\t\t\t\t<div class=\"elementor-container elementor-column-gap-default\">\n\t\t\t\t\t<div class=\"elementor-column elementor-col-33 elementor-top-column elementor-element elementor-element-c955d84 exad-glass-effect-no exad-sticky-section-no\" data-id=\"c955d84\" data-element_type=\"column\">\n\t\t\t<div class=\"elementor-widget-wrap elementor-element-populated\">\n\t\t\t\t\t\t\t\t<div class=\"elementor-element elementor-element-b586bad elementor-cta--skin-classic elementor-animated-content elementor-bg-transform elementor-bg-transform-zoom-in exad-sticky-section-no exad-glass-effect-no elementor-widget elementor-widget-call-to-action\" data-id=\"b586bad\" data-element_type=\"widget\" data-widget_type=\"call-to-action.default\">\n\t\t\t\t<div class=\"elementor-widget-container\">\n\t\t\t<link rel=\"stylesheet\" href=\"https:\/\/prometeu.md\/wp-content\/plugins\/elementor-pro\/assets\/css\/widget-call-to-action.min.css\">\t\t<div class=\"elementor-cta\">\n\t\t\t\t\t<div class=\"elementor-cta__bg-wrapper\">\n\t\t\t\t<div class=\"elementor-cta__bg elementor-bg\" style=\"background-image: url(https:\/\/prometeu.md\/wp-content\/uploads\/2022\/03\/272748063_1156276414911082_4484251990195879857_n.jpg);\"><\/div>\n\t\t\t\t<div class=\"elementor-cta__bg-overlay\"><\/div>\n\t\t\t<\/div>\n\t\t\t\t\t\t\t<div class=\"elementor-cta__content\">\n\t\t\t\t\n\t\t\t\t<h2 class=\"elementor-cta__title elementor-cta__content-item elementor-content-item\">Augustina \u0218iman<\/h2>\n\t\t\t\t\t\t\t\t\t<div class=\"elementor-cta__description elementor-cta__content-item elementor-content-item\">\n\t\t\t\t\t\t\nSuntem bucuro\u0219i s\u0103 v\u0103 invit\u0103m, pe data de 28 ianuarie, la ora 15.00, la a 3-a edi\u021bie din acest an academic a Clubului \u201ePrometeii se \u00eent\u00e2lnesc\", unde o avem ca invitat\u0103 pe absolventa promo\u021biei 2010, Augustina \u0218iman. Din inima New York-ului, ne va povesti despre experien\u021ba sa \u00een calitate de diplomat la ONU \u0219i despre pasiunea sa de a scrie.\t\t\t\t\t<\/div>\n\t\t\t\t\n\t\t\t\t\t\t\t<\/div>\n\t\t\t\t\t\t<\/div>\n\t\t\t\t<\/div>\n\t\t\t\t<\/div>\n\t\t\t\t\t<\/div>\n\t\t<\/div>\n\t\t\t\t<div class=\"elementor-column elementor-col-33 elementor-top-column elementor-element elementor-element-97e5e6c exad-glass-effect-no exad-sticky-section-no\" data-id=\"97e5e6c\" data-element_type=\"column\">\n\t\t\t<div class=\"elementor-widget-wrap elementor-element-populated\">\n\t\t\t\t\t\t\t\t<div class=\"elementor-element elementor-element-2814bc5 elementor-cta--skin-classic elementor-animated-content elementor-bg-transform elementor-bg-transform-zoom-in exad-sticky-section-no exad-glass-effect-no elementor-widget elementor-widget-call-to-action\" data-id=\"2814bc5\" data-element_type=\"widget\" data-widget_type=\"call-to-action.default\">\n\t\t\t\t<div class=\"elementor-widget-container\">\n\t\t\t\t\t<div class=\"elementor-cta\">\n\t\t\t\t\t<div class=\"elementor-cta__bg-wrapper\">\n\t\t\t\t<div class=\"elementor-cta__bg elementor-bg\" style=\"background-image: url(https:\/\/prometeu.md\/wp-content\/uploads\/2022\/03\/262972000_1121937641678293_3334882404840865743_n.png);\"><\/div>\n\t\t\t\t<div class=\"elementor-cta__bg-overlay\"><\/div>\n\t\t\t<\/div>\n\t\t\t\t\t\t\t<div class=\"elementor-cta__content\">\n\t\t\t\t\n\t\t\t\t<h2 class=\"elementor-cta__title elementor-cta__content-item elementor-content-item\">Eugen Buza<\/h2>\n\t\t\t\t\t\t\t\t\t<div class=\"elementor-cta__description elementor-cta__content-item elementor-content-item\">\n\t\t\t\t\t\tSuntem bucuro\u0219i s\u0103 v\u0103 anun\u021b\u0103m c\u0103 pe data de 03 decembrie, vineri,  la ora 17, \u00een format online, vom desf\u0103\u015fura cea de a doua \u0219edin\u021b\u0103 din acest an a Clubului \u201ePrometeii se \u00eent\u00e2lnesc\u201d!   \nInvitatul special al acestei \u0219edin\u021be este Eugen Buza, absolventul anului 2004, care se autocaracterizeaz\u0103 astfel:\n\u201eSunt reprezentantul genera\u021biei anilor '90, cred \u00een  carte \u0219i \u00een fotbal, Corina \u0219i Matias \u0219i Siempre Prometeu , astea cred c\u0103 ar fi # tagurile care ar descrie parcursul meu p\u00e2n\u0103 la cei 31 ani.\t\t\t\t\t<\/div>\n\t\t\t\t\n\t\t\t\t\t\t\t<\/div>\n\t\t\t\t\t\t<\/div>\n\t\t\t\t<\/div>\n\t\t\t\t<\/div>\n\t\t\t\t\t<\/div>\n\t\t<\/div>\n\t\t\t\t<div class=\"elementor-column elementor-col-33 elementor-top-column elementor-element elementor-element-6d6ec66 exad-glass-effect-no exad-sticky-section-no\" data-id=\"6d6ec66\" data-element_type=\"column\">\n\t\t\t<div class=\"elementor-widget-wrap elementor-element-populated\">\n\t\t\t\t\t\t\t\t<div class=\"elementor-element elementor-element-6932147 elementor-cta--skin-classic elementor-animated-content elementor-bg-transform elementor-bg-transform-zoom-in exad-sticky-section-no exad-glass-effect-no elementor-widget elementor-widget-call-to-action\" data-id=\"6932147\" data-element_type=\"widget\" data-widget_type=\"call-to-action.default\">\n\t\t\t\t<div class=\"elementor-widget-container\">\n\t\t\t\t\t<div class=\"elementor-cta\">\n\t\t\t\t\t<div class=\"elementor-cta__bg-wrapper\">\n\t\t\t\t<div class=\"elementor-cta__bg elementor-bg\" style=\"background-image: url(https:\/\/prometeu.md\/wp-content\/uploads\/2022\/03\/258301218_1113177609220963_2090152940705961741_n.png);\"><\/div>\n\t\t\t\t<div class=\"elementor-cta__bg-overlay\"><\/div>\n\t\t\t<\/div>\n\t\t\t\t\t\t\t<div class=\"elementor-cta__content\">\n\t\t\t\t\n\t\t\t\t<h2 class=\"elementor-cta__title elementor-cta__content-item elementor-content-item\">Daniela Nemerenco \u0219i Grigore Bechet<\/h2>\n\t\t\t\t\t\t\t\t\t<div class=\"elementor-cta__description elementor-cta__content-item elementor-content-item\">\n\t\t\t\t\t\tSuntem bucuro\u0219i s\u0103 v\u0103 anun\u021b\u0103m c\u0103 pe data de 19 noiembrie, la ora 14, \u00een sala 5, dar \u0219i live,  https:\/\/youtu.be\/RSmzsQo5oto pe canalul YouTube, vom desf\u0103\u015fura prima edi\u021bie din acest an a Clubului \u201ePrometeii se \u00eent\u00e2lnesc\u201d!   Fiind o edi\u021bie jubiliar\u0103, cu ocazia a 30 de ani de la \u00eenfiin\u021barea liceului, avem onoarea de a-i avea invita\u021bi pe Daniela Nemerenco \u0219i Grigore Bechet, absolven\u021bii anului 2004.\t\t\t\t\t<\/div>\n\t\t\t\t\n\t\t\t\t\t\t\t<\/div>\n\t\t\t\t\t\t<\/div>\n\t\t\t\t<\/div>\n\t\t\t\t<\/div>\n\t\t\t\t\t<\/div>\n\t\t<\/div>\n\t\t\t\t\t\t\t<\/div>\n\t\t<\/section>\n\t\t\t\t<section class=\"elementor-section elementor-top-section elementor-element elementor-element-eeb30a9 elementor-section-boxed elementor-section-height-default elementor-section-height-default exad-glass-effect-no exad-sticky-section-no\" data-id=\"eeb30a9\" data-element_type=\"section\">\n\t\t\t\t\t\t<div class=\"elementor-container elementor-column-gap-default\">\n\t\t\t\t\t<div class=\"elementor-column elementor-col-33 elementor-top-column elementor-element elementor-element-a3085d9 exad-glass-effect-no exad-sticky-section-no\" data-id=\"a3085d9\" data-element_type=\"column\">\n\t\t\t<div class=\"elementor-widget-wrap elementor-element-populated\">\n\t\t\t\t\t\t\t\t<div class=\"elementor-element elementor-element-3e1de6e elementor-cta--skin-classic elementor-animated-content elementor-bg-transform elementor-bg-transform-zoom-in exad-sticky-section-no exad-glass-effect-no elementor-widget elementor-widget-call-to-action\" data-id=\"3e1de6e\" data-element_type=\"widget\" data-widget_type=\"call-to-action.default\">\n\t\t\t\t<div class=\"elementor-widget-container\">\n\t\t\t\t\t<div class=\"elementor-cta\">\n\t\t\t\t\t<div class=\"elementor-cta__bg-wrapper\">\n\t\t\t\t<div class=\"elementor-cta__bg elementor-bg\" style=\"background-image: url(https:\/\/prometeu.md\/wp-content\/uploads\/2022\/03\/189302492_1001621213709937_6769026310667243442_n.png);\"><\/div>\n\t\t\t\t<div class=\"elementor-cta__bg-overlay\"><\/div>\n\t\t\t<\/div>\n\t\t\t\t\t\t\t<div class=\"elementor-cta__content\">\n\t\t\t\t\n\t\t\t\t<h2 class=\"elementor-cta__title elementor-cta__content-item elementor-content-item\">Mihai Avram<\/h2>\n\t\t\t\t\t\t\t\t\t<div class=\"elementor-cta__description elementor-cta__content-item elementor-content-item\">\n\t\t\t\t\t\tSuntem bucuro\u015fi s\u0103 v\u0103 anun\u021b\u0103m c\u0103 pe data de 27 mai, la ora 17:00, \u00een regim on-line, vom desf\u0103\u015fura cea de-a \u0219aptea \u015fi ultima edi\u021bie a Clubului \"Prometeii se \u00eent\u00e2lnesc\" din acest an \u015fcolar!   \n\u00cen cadrul \u015fedin\u021bei l-am invitat pe  Mihai Avram, absolventul promo\u021biei 2010, care \u015fi-a f\u0103cut studiile \u00een drept interna\u021bional \u015fi european la Universitatea RUG Groningen. Dup\u0103 aceea a urmat un Master la University of Amsterdam \u00een Drept Interna\u0163ional, cu specializarea Drept \u00een Comer\u021b Interna\u021bional \u015fi Investi\u021bii.\t\t\t\t\t<\/div>\n\t\t\t\t\n\t\t\t\t\t\t\t<\/div>\n\t\t\t\t\t\t<\/div>\n\t\t\t\t<\/div>\n\t\t\t\t<\/div>\n\t\t\t\t\t<\/div>\n\t\t<\/div>\n\t\t\t\t<div class=\"elementor-column elementor-col-33 elementor-top-column elementor-element elementor-element-d468509 exad-glass-effect-no exad-sticky-section-no\" data-id=\"d468509\" data-element_type=\"column\">\n\t\t\t<div class=\"elementor-widget-wrap elementor-element-populated\">\n\t\t\t\t\t\t\t\t<div class=\"elementor-element elementor-element-29cee58 elementor-cta--skin-classic elementor-animated-content elementor-bg-transform elementor-bg-transform-zoom-in exad-sticky-section-no exad-glass-effect-no elementor-widget elementor-widget-call-to-action\" data-id=\"29cee58\" data-element_type=\"widget\" data-widget_type=\"call-to-action.default\">\n\t\t\t\t<div class=\"elementor-widget-container\">\n\t\t\t\t\t<div class=\"elementor-cta\">\n\t\t\t\t\t<div class=\"elementor-cta__bg-wrapper\">\n\t\t\t\t<div class=\"elementor-cta__bg elementor-bg\" style=\"background-image: url(https:\/\/prometeu.md\/wp-content\/uploads\/2022\/03\/179341084_988046198400772_8303929949115736490_n.png);\"><\/div>\n\t\t\t\t<div class=\"elementor-cta__bg-overlay\"><\/div>\n\t\t\t<\/div>\n\t\t\t\t\t\t\t<div class=\"elementor-cta__content\">\n\t\t\t\t\n\t\t\t\t<h2 class=\"elementor-cta__title elementor-cta__content-item elementor-content-item\">Greta H\u00e2rbu<\/h2>\n\t\t\t\t\t\t\t\t\t<div class=\"elementor-cta__description elementor-cta__content-item elementor-content-item\">\n\t\t\t\t\t\tuntem bucuro\u0219i s\u0103 v\u0103 anun\u021b\u0103m c\u0103 pe data de 29 aprilie, la ora 17, \u00een regim on-line, vom desf\u0103\u015fura cea de-a \u0219asea edi\u021bie a Clubului \u201ePrometeii se \u00eent\u00e2lnesc\u201d! De data aceasta o avem \u00een calitate de invitat\u0103 pe Greta H\u00e2rbu, absolventa promo\u021biei 2010. Greta a studiat la Politecnico di Milano, unde \u0219i-a luat licen\u021ba \u00een arhitectur\u0103 \u0219i urbanism.\u00cen septembrie 2014 a \u00eenceput masteratul la Londra, la Royal College of Art, unde a ob\u021binut diploma \u00een design interior.\t\t\t\t\t<\/div>\n\t\t\t\t\n\t\t\t\t\t\t\t<\/div>\n\t\t\t\t\t\t<\/div>\n\t\t\t\t<\/div>\n\t\t\t\t<\/div>\n\t\t\t\t\t<\/div>\n\t\t<\/div>\n\t\t\t\t<div class=\"elementor-column elementor-col-33 elementor-top-column elementor-element elementor-element-1b3467c exad-glass-effect-no exad-sticky-section-no\" data-id=\"1b3467c\" data-element_type=\"column\">\n\t\t\t<div class=\"elementor-widget-wrap elementor-element-populated\">\n\t\t\t\t\t\t\t\t<div class=\"elementor-element elementor-element-92f1514 elementor-cta--skin-classic elementor-animated-content elementor-bg-transform elementor-bg-transform-zoom-in exad-sticky-section-no exad-glass-effect-no elementor-widget elementor-widget-call-to-action\" data-id=\"92f1514\" data-element_type=\"widget\" data-widget_type=\"call-to-action.default\">\n\t\t\t\t<div class=\"elementor-widget-container\">\n\t\t\t\t\t<div class=\"elementor-cta\">\n\t\t\t\t\t<div class=\"elementor-cta__bg-wrapper\">\n\t\t\t\t<div class=\"elementor-cta__bg elementor-bg\" style=\"background-image: url(https:\/\/prometeu.md\/wp-content\/uploads\/2022\/03\/151099646_945224212682971_5752665567772379279_n.png);\"><\/div>\n\t\t\t\t<div class=\"elementor-cta__bg-overlay\"><\/div>\n\t\t\t<\/div>\n\t\t\t\t\t\t\t<div class=\"elementor-cta__content\">\n\t\t\t\t\n\t\t\t\t<h2 class=\"elementor-cta__title elementor-cta__content-item elementor-content-item\">Radu Salamalichi<\/h2>\n\t\t\t\t\t\t\t\t\t<div class=\"elementor-cta__description elementor-cta__content-item elementor-content-item\">\n\t\t\t\t\t\tSuntem bucuro\u015fi s\u0103 v\u0103 anun\u021b\u0103m c\u0103 pe data de 22 februarie, la ora 18:00, \u00een regim on-line, vom desf\u0103\u015fura cea de a cincea \u015fedin\u021b\u0103  a Clubului \"Prometeii se \u00eent\u00e2lnesc\"! \nDup\u0103 ce am avut fericita ocazie s\u0103 dialog\u0103m cu Onoriu Pu\u015fca\u015fu, Rodica \u015fi Andrei Frimu, Valeria Duca \u015fi Nicoleta Copaci, \u00eel avem invitat pe Salamalichi Radu, absolventul promo\u0163iei 2008, care \u015fi-a f\u0103cut studiile la ASEM, facultatea Business \u015fi Administrarea afacerilor. La moment conduce propria afacere \u201cSELIK nuts&fruits\u201d ( import \u0219i comercializarea fructelor uscate exotice, alune, semin\u021be) De asemenea, are un hobby deosebit: c\u0103l\u0103torii de lung\u0103 durata \u00een cele mai exotice \u015fi pu\u0163in populate locuri din lume.\t\t\t\t\t<\/div>\n\t\t\t\t\n\t\t\t\t\t\t\t<\/div>\n\t\t\t\t\t\t<\/div>\n\t\t\t\t<\/div>\n\t\t\t\t<\/div>\n\t\t\t\t\t<\/div>\n\t\t<\/div>\n\t\t\t\t\t\t\t<\/div>\n\t\t<\/section>\n\t\t\t\t<section class=\"elementor-section elementor-top-section elementor-element elementor-element-176de6a elementor-section-boxed elementor-section-height-default elementor-section-height-default exad-glass-effect-no exad-sticky-section-no\" data-id=\"176de6a\" data-element_type=\"section\">\n\t\t\t\t\t\t<div class=\"elementor-container elementor-column-gap-default\">\n\t\t\t\t\t<div class=\"elementor-column elementor-col-33 elementor-top-column elementor-element elementor-element-d176fa4 exad-glass-effect-no exad-sticky-section-no\" data-id=\"d176fa4\" data-element_type=\"column\">\n\t\t\t<div class=\"elementor-widget-wrap elementor-element-populated\">\n\t\t\t\t\t\t\t\t<div class=\"elementor-element elementor-element-38bfdff elementor-cta--skin-classic elementor-animated-content elementor-bg-transform elementor-bg-transform-zoom-in exad-sticky-section-no exad-glass-effect-no elementor-widget elementor-widget-call-to-action\" data-id=\"38bfdff\" data-element_type=\"widget\" data-widget_type=\"call-to-action.default\">\n\t\t\t\t<div class=\"elementor-widget-container\">\n\t\t\t\t\t<div class=\"elementor-cta\">\n\t\t\t\t\t<div class=\"elementor-cta__bg-wrapper\">\n\t\t\t\t<div class=\"elementor-cta__bg elementor-bg\" style=\"background-image: url(https:\/\/prometeu.md\/wp-content\/uploads\/2022\/03\/142062341_931338834071509_2905520367960646666_n.jpg);\"><\/div>\n\t\t\t\t<div class=\"elementor-cta__bg-overlay\"><\/div>\n\t\t\t<\/div>\n\t\t\t\t\t\t\t<div class=\"elementor-cta__content\">\n\t\t\t\t\n\t\t\t\t<h2 class=\"elementor-cta__title elementor-cta__content-item elementor-content-item\">Nicoleta Copaci<\/h2>\n\t\t\t\t\t\t\t\t\t<div class=\"elementor-cta__description elementor-cta__content-item elementor-content-item\">\n\t\t\t\t\t\tSuntem bucuro\u015fi s\u0103 v\u0103 anun\u021b\u0103m c\u0103 pe data de 29 ianuarie, la ora 17:00, \u00een regim on-line, vom desf\u0103\u015fura cea de a patra \u015fi prima \u015fedin\u021b\u0103 \u00een acest an a Clubului \"Prometeii se \u00eent\u00e2lnesc\"! Dup\u0103 ce am avut fericita ocazie s\u0103 dialog\u0103m cu Onoriu Pu\u015fca\u015fu, Rodica \u015fi Andrei Frimu, Valeria Duca, o avem invitat\u0103 pe Nicoleta Copaci, absolventa promo\u021biei din 2014. Nicoleta s\u0326i-a fa\u0306cut licen\u021ba \u00een chimie la Jacobs University Bremen \u00een Germania \u0219i masteratul la \u00c9cole polytechnique f\u00e9d\u00e9rale de Lausanne (EPFL) \u00een Elve\u021bia.\t\t\t\t\t<\/div>\n\t\t\t\t\n\t\t\t\t\t\t\t<\/div>\n\t\t\t\t\t\t<\/div>\n\t\t\t\t<\/div>\n\t\t\t\t<\/div>\n\t\t\t\t\t<\/div>\n\t\t<\/div>\n\t\t\t\t<div class=\"elementor-column elementor-col-33 elementor-top-column elementor-element elementor-element-b81fb4a exad-glass-effect-no exad-sticky-section-no\" data-id=\"b81fb4a\" data-element_type=\"column\">\n\t\t\t<div class=\"elementor-widget-wrap\">\n\t\t\t\t\t\t\t\t\t<\/div>\n\t\t<\/div>\n\t\t\t\t<div class=\"elementor-column elementor-col-33 elementor-top-column elementor-element elementor-element-b7750d4 exad-glass-effect-no exad-sticky-section-no\" data-id=\"b7750d4\" data-element_type=\"column\">\n\t\t\t<div class=\"elementor-widget-wrap\">\n\t\t\t\t\t\t\t\t\t<\/div>\n\t\t<\/div>\n\t\t\t\t\t\t\t<\/div>\n\t\t<\/section>\n\t\t\t\t\t\t\t<\/div>\n\t\t","protected":false},"excerpt":{"rendered":"<p>Augustina \u0218iman Suntem bucuro\u0219i s\u0103 v\u0103 invit\u0103m, pe data de 28 ianuarie, la ora 15.00, la a 3-a edi\u021bie din acest an academic a Clubului \u201ePrometeii se \u00eent\u00e2lnesc&#8221;, unde o avem ca invitat\u0103 pe absolventa promo\u021biei 2010, Augustina \u0218iman. Din inima New York-ului, ne va povesti despre experien\u021ba sa \u00een calitate de diplomat la ONU [&hellip;]<\/p>\n","protected":false},"author":1,"featured_media":0,"parent":0,"menu_order":0,"comment_status":"closed","ping_status":"closed","template":"","meta":{"footnotes":""},"yoast_head":"<!-- This site is optimized with the Yoast SEO plugin v21.6 - https:\/\/yoast.com\/wordpress\/plugins\/seo\/ -->\n<title>Absolven\u021bi - Prometeu<\/title>\n<meta name=\"robots\" content=\"index, follow, max-snippet:-1, max-image-preview:large, max-video-preview:-1\" \/>\n<link rel=\"canonical\" href=\"https:\/\/prometeu.md\/index.php\/absolventi\/\" \/>\n<meta property=\"og:locale\" content=\"ro_RO\" \/>\n<meta property=\"og:type\" content=\"article\" \/>\n<meta property=\"og:title\" content=\"Absolven\u021bi - Prometeu\" \/>\n<meta property=\"og:description\" content=\"Augustina \u0218iman Suntem bucuro\u0219i s\u0103 v\u0103 invit\u0103m, pe data de 28 ianuarie, la ora 15.00, la a 3-a edi\u021bie din acest an academic a Clubului \u201ePrometeii se \u00eent\u00e2lnesc&#8221;, unde o avem ca invitat\u0103 pe absolventa promo\u021biei 2010, Augustina \u0218iman. Din inima New York-ului, ne va povesti despre experien\u021ba sa \u00een calitate de diplomat la ONU [&hellip;]\" \/>\n<meta property=\"og:url\" content=\"https:\/\/prometeu.md\/index.php\/absolventi\/\" \/>\n<meta property=\"og:site_name\" content=\"Prometeu\" \/>\n<meta property=\"article:publisher\" content=\"https:\/\/www.facebook.com\/liceulprometeu\/\" \/>\n<meta property=\"article:modified_time\" content=\"2022-07-06T19:06:49+00:00\" \/>\n<meta name=\"twitter:card\" content=\"summary_large_image\" \/>\n<meta name=\"twitter:label1\" content=\"Timp estimat pentru citire\" \/>\n\t<meta name=\"twitter:data1\" content=\"3 minute\" \/>\n<script type=\"application\/ld+json\" class=\"yoast-schema-graph\">{\"@context\":\"https:\/\/schema.org\",\"@graph\":[{\"@type\":\"WebPage\",\"@id\":\"https:\/\/prometeu.md\/index.php\/absolventi\/\",\"url\":\"https:\/\/prometeu.md\/index.php\/absolventi\/\",\"name\":\"Absolven\u021bi - Prometeu\",\"isPartOf\":{\"@id\":\"https:\/\/prometeu.md\/#website\"},\"datePublished\":\"2022-02-02T10:14:18+00:00\",\"dateModified\":\"2022-07-06T19:06:49+00:00\",\"breadcrumb\":{\"@id\":\"https:\/\/prometeu.md\/index.php\/absolventi\/#breadcrumb\"},\"inLanguage\":\"ro-RO\",\"potentialAction\":[{\"@type\":\"ReadAction\",\"target\":[\"https:\/\/prometeu.md\/index.php\/absolventi\/\"]}]},{\"@type\":\"BreadcrumbList\",\"@id\":\"https:\/\/prometeu.md\/index.php\/absolventi\/#breadcrumb\",\"itemListElement\":[{\"@type\":\"ListItem\",\"position\":1,\"name\":\"Home\",\"item\":\"https:\/\/prometeu.md\/\"},{\"@type\":\"ListItem\",\"position\":2,\"name\":\"Absolven\u021bi\"}]},{\"@type\":\"WebSite\",\"@id\":\"https:\/\/prometeu.md\/#website\",\"url\":\"https:\/\/prometeu.md\/\",\"name\":\"Prometeu\",\"description\":\"\",\"publisher\":{\"@id\":\"https:\/\/prometeu.md\/#organization\"},\"potentialAction\":[{\"@type\":\"SearchAction\",\"target\":{\"@type\":\"EntryPoint\",\"urlTemplate\":\"https:\/\/prometeu.md\/?s={search_term_string}\"},\"query-input\":\"required name=search_term_string\"}],\"inLanguage\":\"ro-RO\"},{\"@type\":\"Organization\",\"@id\":\"https:\/\/prometeu.md\/#organization\",\"name\":\"Prometeu-Prim\",\"url\":\"https:\/\/prometeu.md\/\",\"logo\":{\"@type\":\"ImageObject\",\"inLanguage\":\"ro-RO\",\"@id\":\"https:\/\/prometeu.md\/#\/schema\/logo\/image\/\",\"url\":\"https:\/\/prometeu.md\/wp-content\/uploads\/2021\/11\/LogoLOgo-prometeu.png\",\"contentUrl\":\"https:\/\/prometeu.md\/wp-content\/uploads\/2021\/11\/LogoLOgo-prometeu.png\",\"width\":110,\"height\":110,\"caption\":\"Prometeu-Prim\"},\"image\":{\"@id\":\"https:\/\/prometeu.md\/#\/schema\/logo\/image\/\"},\"sameAs\":[\"https:\/\/www.facebook.com\/liceulprometeu\/\"]}]}<\/script>\n<!-- \/ Yoast SEO plugin. -->","yoast_head_json":{"title":"Absolven\u021bi - Prometeu","robots":{"index":"index","follow":"follow","max-snippet":"max-snippet:-1","max-image-preview":"max-image-preview:large","max-video-preview":"max-video-preview:-1"},"canonical":"https:\/\/prometeu.md\/index.php\/absolventi\/","og_locale":"ro_RO","og_type":"article","og_title":"Absolven\u021bi - Prometeu","og_description":"Augustina \u0218iman Suntem bucuro\u0219i s\u0103 v\u0103 invit\u0103m, pe data de 28 ianuarie, la ora 15.00, la a 3-a edi\u021bie din acest an academic a Clubului \u201ePrometeii se \u00eent\u00e2lnesc&#8221;, unde o avem ca invitat\u0103 pe absolventa promo\u021biei 2010, Augustina \u0218iman. Din inima New York-ului, ne va povesti despre experien\u021ba sa \u00een calitate de diplomat la ONU [&hellip;]","og_url":"https:\/\/prometeu.md\/index.php\/absolventi\/","og_site_name":"Prometeu","article_publisher":"https:\/\/www.facebook.com\/liceulprometeu\/","article_modified_time":"2022-07-06T19:06:49+00:00","twitter_card":"summary_large_image","twitter_misc":{"Timp estimat pentru citire":"3 minute"},"schema":{"@context":"https:\/\/schema.org","@graph":[{"@type":"WebPage","@id":"https:\/\/prometeu.md\/index.php\/absolventi\/","url":"https:\/\/prometeu.md\/index.php\/absolventi\/","name":"Absolven\u021bi - Prometeu","isPartOf":{"@id":"https:\/\/prometeu.md\/#website"},"datePublished":"2022-02-02T10:14:18+00:00","dateModified":"2022-07-06T19:06:49+00:00","breadcrumb":{"@id":"https:\/\/prometeu.md\/index.php\/absolventi\/#breadcrumb"},"inLanguage":"ro-RO","potentialAction":[{"@type":"ReadAction","target":["https:\/\/prometeu.md\/index.php\/absolventi\/"]}]},{"@type":"BreadcrumbList","@id":"https:\/\/prometeu.md\/index.php\/absolventi\/#breadcrumb","itemListElement":[{"@type":"ListItem","position":1,"name":"Home","item":"https:\/\/prometeu.md\/"},{"@type":"ListItem","position":2,"name":"Absolven\u021bi"}]},{"@type":"WebSite","@id":"https:\/\/prometeu.md\/#website","url":"https:\/\/prometeu.md\/","name":"Prometeu","description":"","publisher":{"@id":"https:\/\/prometeu.md\/#organization"},"potentialAction":[{"@type":"SearchAction","target":{"@type":"EntryPoint","urlTemplate":"https:\/\/prometeu.md\/?s={search_term_string}"},"query-input":"required name=search_term_string"}],"inLanguage":"ro-RO"},{"@type":"Organization","@id":"https:\/\/prometeu.md\/#organization","name":"Prometeu-Prim","url":"https:\/\/prometeu.md\/","logo":{"@type":"ImageObject","inLanguage":"ro-RO","@id":"https:\/\/prometeu.md\/#\/schema\/logo\/image\/","url":"https:\/\/prometeu.md\/wp-content\/uploads\/2021\/11\/LogoLOgo-prometeu.png","contentUrl":"https:\/\/prometeu.md\/wp-content\/uploads\/2021\/11\/LogoLOgo-prometeu.png","width":110,"height":110,"caption":"Prometeu-Prim"},"image":{"@id":"https:\/\/prometeu.md\/#\/schema\/logo\/image\/"},"sameAs":["https:\/\/www.facebook.com\/liceulprometeu\/"]}]}},"blog_post_layout_featured_media_urls":{"thumbnail":"","full":""},"categories_names":null,"comments_number":"0","_links":{"self":[{"href":"https:\/\/prometeu.md\/index.php\/wp-json\/wp\/v2\/pages\/874"}],"collection":[{"href":"https:\/\/prometeu.md\/index.php\/wp-json\/wp\/v2\/pages"}],"about":[{"href":"https:\/\/prometeu.md\/index.php\/wp-json\/wp\/v2\/types\/page"}],"author":[{"embeddable":true,"href":"https:\/\/prometeu.md\/index.php\/wp-json\/wp\/v2\/users\/1"}],"replies":[{"embeddable":true,"href":"https:\/\/prometeu.md\/index.php\/wp-json\/wp\/v2\/comments?post=874"}],"version-history":[{"count":19,"href":"https:\/\/prometeu.md\/index.php\/wp-json\/wp\/v2\/pages\/874\/revisions"}],"predecessor-version":[{"id":1956,"href":"https:\/\/prometeu.md\/index.php\/wp-json\/wp\/v2\/pages\/874\/revisions\/1956"}],"wp:attachment":[{"href":"https:\/\/prometeu.md\/index.php\/wp-json\/wp\/v2\/media?parent=874"}],"curies":[{"name":"wp","href":"https:\/\/api.w.org\/{rel}","templated":true}]}}